{"id":30,"date":"2018-11-20T20:23:47","date_gmt":"2018-11-20T20:23:47","guid":{"rendered":"http:\/\/fence2go.eu\/?page_id=30"},"modified":"2018-12-17T18:03:11","modified_gmt":"2018-12-17T17:03:11","slug":"treillis","status":"publish","type":"page","link":"https:\/\/fence2go.eu\/index.php\/treillis\/","title":{"rendered":"Treillis."},"content":{"rendered":"<p>Le treillis est la solution la plus \u00e9conomique pour fermer l&rsquo;acc\u00e8s \u00e0 un site, qu&rsquo;il soit r\u00e9sidentiel ou industriel.\u00a0 Souvent pos\u00e9 sur des poteaux ronds, il est dans la plupart des cas, \u00e0 simple torsion ou soud\u00e9 et livr\u00e9 en rouleau.<\/p>\n<p>Nous avons toutefois d\u00e9cid\u00e9 de rationaliser notre stock en ne gardant que les produits les plus courants.\u00a0 Sur demande, Fence2Go peut n\u00e9anmoins r\u00e9pondre \u00e0 vos attentes avec d&rsquo;autres solutions.<\/p>\n<p>&nbsp;<\/p>\n<figure id=\"attachment_2783\" aria-describedby=\"caption-attachment-2783\" style=\"width: 150px\" class=\"wp-caption aligncenter\"><a href=\"http:\/\/fence2go.eu\/index.php\/treillis\/treillis-a-simple-torsion\/\"><img loading=\"lazy\" class=\"wp-image-2783 size-thumbnail\" src=\"http:\/\/fence2go.eu\/wp-content\/uploads\/2018\/12\/Treillis-simple-torsion-01-150x150.jpg\" alt=\"\" width=\"150\" height=\"150\" srcset=\"https:\/\/fence2go.eu\/wp-content\/uploads\/2018\/12\/Treillis-simple-torsion-01-150x150.jpg 150w, https:\/\/fence2go.eu\/wp-content\/uploads\/2018\/12\/Treillis-simple-torsion-01-300x300.jpg 300w, https:\/\/fence2go.eu\/wp-content\/uploads\/2018\/12\/Treillis-simple-torsion-01-768x768.jpg 768w, https:\/\/fence2go.eu\/wp-content\/uploads\/2018\/12\/Treillis-simple-torsion-01-1024x1024.jpg 1024w, https:\/\/fence2go.eu\/wp-content\/uploads\/2018\/12\/Treillis-simple-torsion-01.jpg 1200w\" sizes=\"(max-width: 150px) 100vw, 150px\" \/><\/a><figcaption id=\"caption-attachment-2783\" class=\"wp-caption-text\">Treillis simple torsion<\/figcaption><\/figure>\n<figure id=\"attachment_1416\" aria-describedby=\"caption-attachment-1416\" style=\"width: 150px\" class=\"wp-caption aligncenter\"><a href=\"http:\/\/fence2go.eu\/index.php\/treillis\/treillis-soude-luxor2\/\"><img loading=\"lazy\" class=\"wp-image-1416 size-thumbnail\" src=\"http:\/\/fence2go.eu\/wp-content\/uploads\/2018\/12\/Treillis-Luxor-150x150.jpg\" alt=\"\" width=\"150\" height=\"150\" \/><\/a><figcaption id=\"caption-attachment-1416\" class=\"wp-caption-text\">Treillis soud\u00e9<\/figcaption><\/figure>\n","protected":false},"excerpt":{"rendered":"<p>Le treillis est la solution la plus \u00e9conomique pour fermer l&rsquo;acc\u00e8s \u00e0 un site, qu&rsquo;il soit r\u00e9sidentiel ou industriel.\u00a0 Souvent pos\u00e9 sur des poteaux ronds, il est dans la plupart des cas, \u00e0 simple torsion ou soud\u00e9 et livr\u00e9 en rouleau. Nous avons toutefois d\u00e9cid\u00e9 de rationaliser notre stock en ne gardant que les produits [&hellip;]<\/p>\n","protected":false},"author":1,"featured_media":0,"parent":0,"menu_order":1,"comment_status":"closed","ping_status":"closed","template":"","meta":{"ngg_post_thumbnail":0},"_links":{"self":[{"href":"https:\/\/fence2go.eu\/index.php\/wp-json\/wp\/v2\/pages\/30"}],"collection":[{"href":"https:\/\/fence2go.eu\/index.php\/wp-json\/wp\/v2\/pages"}],"about":[{"href":"https:\/\/fence2go.eu\/index.php\/wp-json\/wp\/v2\/types\/page"}],"author":[{"embeddable":true,"href":"https:\/\/fence2go.eu\/index.php\/wp-json\/wp\/v2\/users\/1"}],"replies":[{"embeddable":true,"href":"https:\/\/fence2go.eu\/index.php\/wp-json\/wp\/v2\/comments?post=30"}],"version-history":[{"count":9,"href":"https:\/\/fence2go.eu\/index.php\/wp-json\/wp\/v2\/pages\/30\/revisions"}],"predecessor-version":[{"id":2788,"href":"https:\/\/fence2go.eu\/index.php\/wp-json\/wp\/v2\/pages\/30\/revisions\/2788"}],"wp:attachment":[{"href":"https:\/\/fence2go.eu\/index.php\/wp-json\/wp\/v2\/media?parent=30"}],"curies":[{"name":"wp","href":"https:\/\/api.w.org\/{rel}","templated":true}]}}