{"id":13,"date":"2018-11-16T14:04:23","date_gmt":"2018-11-16T14:04:23","guid":{"rendered":"http:\/\/fence2go.eu\/?page_id=13"},"modified":"2021-04-19T13:17:08","modified_gmt":"2021-04-19T12:17:08","slug":"startseite","status":"publish","type":"page","link":"https:\/\/fence2go.eu\/","title":{"rendered":"Page d&rsquo;accueil"},"content":{"rendered":"<p>Bienvenue sur notre page et permettez-nous tout d\u2019abord de vous remercier pour l\u2019int\u00e9r\u00eat que vous nous portez.<\/p>\n<p>Laissez-nous vous pr\u00e9senter notre soci\u00e9t\u00e9 en quelques mots.<\/p>\n<p>Fence2Go est le d\u00e9partement \u00ab&nbsp;<strong>Achat et N\u00e9goce<\/strong>&nbsp;\u00bb des soci\u00e9t\u00e9s Euro-Fencing et CAS-Lux, actives depuis plus de 25 ans dans la pose de<strong> cl\u00f4tures<\/strong>, <strong>portails<\/strong> et <strong>motorisations<\/strong>, en Belgique, au Grand-Duch\u00e9 de Luxembourg et dans l\u2019Ouest de la Rh\u00e9nanie du Nord-Westphalie (Allemagne).<\/p>\n<p>Sous ce nom, notre \u00e9quipe travaille depuis de longues ann\u00e9es d\u00e9j\u00e0, en \u00e9troite collaboration avec des fabricants de renom et ce en toute transparence, afin de d\u00e9velopper<strong> la solution qui correspond le mieux aux attentes de nos clients<\/strong>. Le fait d\u2019\u00eatre actifs dans le secteur de la pose nous impose de nous remettre constamment en question, non seulement pour suivre au plus pr\u00e8s les tendances, mais \u00e9galement afin d\u2019am\u00e9liorer la mise en \u0153uvre des produits. Nous attachons beaucoup d\u2019importance \u00e0 proposer <strong>une offre coh\u00e9rente financi\u00e8rement<\/strong> allant de pair avec <strong>une livraison dans les meilleurs d\u00e9lais<\/strong>.<\/p>\n<p>Fence2Go souhaite tendre la main aux entreprises de parcs et jardins, d\u2019am\u00e9nagements ext\u00e9rieurs et aux particuliers, en leur proposant une gamme de produits innovants mais aussi \u00e9prouv\u00e9s, qu\u2019ils pourront poser eux-m\u00eames et qui r\u00e9pondront nous l\u2019esp\u00e9rons, aux attentes les plus larges.<\/p>\n<p>Fence2Go, c\u2019est aussi l\u2019assurance de vous \u00e9pauler en cas de souhait, dans la r\u00e9alisation, la mise en service et la maintenance de votre installation.<\/p>\n<p>Ce site, nous avons essay\u00e9 de le rendre le plus complet possible et aurions voulu y ajouter tant de produits judicieux, qu\u2019au moment de la r\u00e9daction, il nous a fallu faire des choix. Ainsi, si vous deviez ne pas trouver l\u2019objet de votre convoitise, n\u2019h\u00e9sitez pas \u00e0 prendre contact avec nous, pour que votre r\u00eave devienne r\u00e9alit\u00e9\u2026 ou s\u2019en rapproche.<\/p>\n<p><img loading=\"lazy\" class=\"alignnone size-medium wp-image-393\" src=\"http:\/\/fence2go.eu\/wp-content\/uploads\/2018\/11\/D\u00e9p\u00f4t-225x300.jpg\" alt=\"\" width=\"225\" height=\"300\" srcset=\"https:\/\/fence2go.eu\/wp-content\/uploads\/2018\/11\/D\u00e9p\u00f4t-225x300.jpg 225w, https:\/\/fence2go.eu\/wp-content\/uploads\/2018\/11\/D\u00e9p\u00f4t.jpg 720w\" sizes=\"(max-width: 225px) 100vw, 225px\" \/><\/p>\n<p>Bonne lecture et au plaisir de vous rencontrer.<\/p>\n<p>Fence2Go<br>Route de Go\u00e9, 5<br>4830 Limbourg<br>Tel : 087 \/ 67 93 40<br>Mail: <a href=\"mailto:info@fence2go.eu\">info@fence2go.eu<\/a><\/p>\n<p>ou <a href=\"mailto:sales@fence2go.eu\">sales@fence2go.eu<\/a><\/p>\n<p>Facebook : <a href=\"https:\/\/www.facebook.com\/Fence2Go-2166910943546867\/\">Fence2Go<\/a><\/p>\n<p>Instagram : <a href=\"https:\/\/www.instagram.com\/fence2go\/\">fence2go<\/a><\/p>\n\n\n<p><\/p>\n","protected":false},"excerpt":{"rendered":"<p>Bienvenue sur notre page et permettez-nous tout d\u2019abord de vous remercier pour l\u2019int\u00e9r\u00eat que vous nous portez. Laissez-nous vous pr\u00e9senter notre soci\u00e9t\u00e9 en quelques mots. Fence2Go est le d\u00e9partement \u00ab&nbsp;Achat et N\u00e9goce&nbsp;\u00bb des soci\u00e9t\u00e9s Euro-Fencing et CAS-Lux, actives depuis plus de 25 ans dans la pose de cl\u00f4tures, portails et motorisations, en Belgique, au Grand-Duch\u00e9 [&hellip;]<\/p>\n","protected":false},"author":1,"featured_media":0,"parent":0,"menu_order":1,"comment_status":"closed","ping_status":"closed","template":"","meta":{"ngg_post_thumbnail":0},"_links":{"self":[{"href":"https:\/\/fence2go.eu\/index.php\/wp-json\/wp\/v2\/pages\/13"}],"collection":[{"href":"https:\/\/fence2go.eu\/index.php\/wp-json\/wp\/v2\/pages"}],"about":[{"href":"https:\/\/fence2go.eu\/index.php\/wp-json\/wp\/v2\/types\/page"}],"author":[{"embeddable":true,"href":"https:\/\/fence2go.eu\/index.php\/wp-json\/wp\/v2\/users\/1"}],"replies":[{"embeddable":true,"href":"https:\/\/fence2go.eu\/index.php\/wp-json\/wp\/v2\/comments?post=13"}],"version-history":[{"count":22,"href":"https:\/\/fence2go.eu\/index.php\/wp-json\/wp\/v2\/pages\/13\/revisions"}],"predecessor-version":[{"id":4656,"href":"https:\/\/fence2go.eu\/index.php\/wp-json\/wp\/v2\/pages\/13\/revisions\/4656"}],"wp:attachment":[{"href":"https:\/\/fence2go.eu\/index.php\/wp-json\/wp\/v2\/media?parent=13"}],"curies":[{"name":"wp","href":"https:\/\/api.w.org\/{rel}","templated":true}]}}