{"id":1803,"date":"2018-12-08T12:29:30","date_gmt":"2018-12-08T11:29:30","guid":{"rendered":"http:\/\/fence2go.eu\/?page_id=1803"},"modified":"2020-09-06T20:38:36","modified_gmt":"2020-09-06T19:38:36","slug":"portes-coulissantes","status":"publish","type":"page","link":"https:\/\/fence2go.eu\/index.php\/portes-coulissantes\/","title":{"rendered":"Portes coulissantes."},"content":{"rendered":"<p>Une <strong>porte coulissante<\/strong> est un ensemble mobile compos\u00e9 d&rsquo;une poutre de soubassement et habill\u00e9 de barreaux, profils, t\u00f4les,&#8230; Elle coulisse gr\u00e2ce \u00e0 un ou plusieurs trains de roulements vers la droite ou vers la gauche.&nbsp; Maintenue par un ou plusieurs portiques de guidage, il vient se positionner en fermeture \u00e0 l&rsquo;int\u00e9rieur d&rsquo;un portique de r\u00e9ception, sauf lorsqu&rsquo;elle est pr\u00e9vue en ouverture double.<\/p>\n<p>De base, une porte coulissante est g\u00e9n\u00e9ralement livr\u00e9e en ex\u00e9cution manuelle et en option, elle peut int\u00e9grer une motorisation ext\u00e9rieure ou dans un portique de guidage.<\/p>\n<figure id=\"attachment_447\" aria-describedby=\"caption-attachment-447\" style=\"width: 300px\" class=\"wp-caption alignleft\"><a href=\"http:\/\/fence2go.eu\/index.php\/portes-coulissantes-residentielles\/\"><img loading=\"lazy\" class=\"wp-image-447 size-medium\" src=\"http:\/\/fence2go.eu\/wp-content\/uploads\/2018\/11\/Portail-coulissant-autoportant-Lux-AW.10.57-300x169.jpg\" alt=\"\" width=\"300\" height=\"169\" srcset=\"https:\/\/fence2go.eu\/wp-content\/uploads\/2018\/11\/Portail-coulissant-autoportant-Lux-AW.10.57-300x169.jpg 300w, https:\/\/fence2go.eu\/wp-content\/uploads\/2018\/11\/Portail-coulissant-autoportant-Lux-AW.10.57-768x432.jpg 768w, https:\/\/fence2go.eu\/wp-content\/uploads\/2018\/11\/Portail-coulissant-autoportant-Lux-AW.10.57-1024x575.jpg 1024w\" sizes=\"(max-width: 300px) 100vw, 300px\" \/><\/a><figcaption id=\"caption-attachment-447\" class=\"wp-caption-text\">D\u00e9couvrir la gamme r\u00e9sidentielle<\/figcaption><\/figure>\n<figure id=\"attachment_4264\" aria-describedby=\"caption-attachment-4264\" style=\"width: 300px\" class=\"wp-caption alignnone\"><a href=\"http:\/\/fence2go.eu\/?s=Portes+coulissantes+industrielles.\"><img loading=\"lazy\" class=\"wp-image-4264 size-medium\" src=\"http:\/\/fence2go.eu\/wp-content\/uploads\/2020\/09\/IMG_0585-300x200.jpg\" alt=\"\" width=\"300\" height=\"200\" srcset=\"https:\/\/fence2go.eu\/wp-content\/uploads\/2020\/09\/IMG_0585-300x200.jpg 300w, https:\/\/fence2go.eu\/wp-content\/uploads\/2020\/09\/IMG_0585-1024x682.jpg 1024w, https:\/\/fence2go.eu\/wp-content\/uploads\/2020\/09\/IMG_0585-768x512.jpg 768w, https:\/\/fence2go.eu\/wp-content\/uploads\/2020\/09\/IMG_0585.jpg 1136w\" sizes=\"(max-width: 300px) 100vw, 300px\" \/><\/a><figcaption id=\"caption-attachment-4264\" class=\"wp-caption-text\">D\u00e9couvrir la gamme industrielle<\/figcaption><\/figure>\n<p>&nbsp;<\/p>\n<p>&nbsp;<\/p>\n<p>&nbsp;<\/p>\n","protected":false},"excerpt":{"rendered":"<p>Une porte coulissante est un ensemble mobile compos\u00e9 d&rsquo;une poutre de soubassement et habill\u00e9 de barreaux, profils, t\u00f4les,&#8230; Elle coulisse gr\u00e2ce \u00e0 un ou plusieurs trains de roulements vers la droite ou vers la gauche.&nbsp; Maintenue par un ou plusieurs portiques de guidage, il vient se positionner en fermeture \u00e0 l&rsquo;int\u00e9rieur d&rsquo;un portique de r\u00e9ception, [&hellip;]<\/p>\n","protected":false},"author":2,"featured_media":0,"parent":0,"menu_order":0,"comment_status":"closed","ping_status":"closed","template":"","meta":{"ngg_post_thumbnail":0},"_links":{"self":[{"href":"https:\/\/fence2go.eu\/index.php\/wp-json\/wp\/v2\/pages\/1803"}],"collection":[{"href":"https:\/\/fence2go.eu\/index.php\/wp-json\/wp\/v2\/pages"}],"about":[{"href":"https:\/\/fence2go.eu\/index.php\/wp-json\/wp\/v2\/types\/page"}],"author":[{"embeddable":true,"href":"https:\/\/fence2go.eu\/index.php\/wp-json\/wp\/v2\/users\/2"}],"replies":[{"embeddable":true,"href":"https:\/\/fence2go.eu\/index.php\/wp-json\/wp\/v2\/comments?post=1803"}],"version-history":[{"count":7,"href":"https:\/\/fence2go.eu\/index.php\/wp-json\/wp\/v2\/pages\/1803\/revisions"}],"predecessor-version":[{"id":4385,"href":"https:\/\/fence2go.eu\/index.php\/wp-json\/wp\/v2\/pages\/1803\/revisions\/4385"}],"wp:attachment":[{"href":"https:\/\/fence2go.eu\/index.php\/wp-json\/wp\/v2\/media?parent=1803"}],"curies":[{"name":"wp","href":"https:\/\/api.w.org\/{rel}","templated":true}]}}