{"id":2796,"date":"2018-12-18T10:05:47","date_gmt":"2018-12-18T09:05:47","guid":{"rendered":"http:\/\/fence2go.eu\/?page_id=2796"},"modified":"2018-12-18T10:25:44","modified_gmt":"2018-12-18T09:25:44","slug":"portail-coulissant-autoportant-home-inclusive-aw-10-200","status":"publish","type":"page","link":"https:\/\/fence2go.eu\/index.php\/portail-coulissant-autoportant-home-inclusive-aw-10-200\/","title":{"rendered":"Portail coulissant autoportant Home Inclusive AW.10.200."},"content":{"rendered":"<p><img loading=\"lazy\" class=\"size-medium wp-image-751 alignleft\" src=\"http:\/\/fence2go.eu\/wp-content\/uploads\/2018\/11\/Home-Inclusive-coulissant-et-autoportant-01-300x230.jpg\" alt=\"\" width=\"300\" height=\"230\" srcset=\"https:\/\/fence2go.eu\/wp-content\/uploads\/2018\/11\/Home-Inclusive-coulissant-et-autoportant-01-300x230.jpg 300w, https:\/\/fence2go.eu\/wp-content\/uploads\/2018\/11\/Home-Inclusive-coulissant-et-autoportant-01.jpg 500w\" sizes=\"(max-width: 300px) 100vw, 300px\" \/>Cadre 40\u00d740 mm<br \/>\nSoubassement 95x85x3 mm<\/p>\n<p>Habillage en t\u00f4le d&rsquo;une \u00e9paisseur de 0,7 mm sur les 2 faces, rivet\u00e9 sur le cadre<br \/>\nLamelles de 250 ou 500 mm<br \/>\nEl\u00e9ment droit<br \/>\nEspace de 150 mm entre le soubassement et le sol<br \/>\nPoteau de guidage double 100\u00d7100 mm<br \/>\nPortique de r\u00e9ception simple 120\u00d7120 mm<br \/>\nSerrure \u00e0 crochet<br \/>\nFinition galvanis\u00e9e et plastifi\u00e9e<\/p>\n<p>Largeurs de passages standard : 3000, 4000, 5000 et 6000 mm.<\/p>\n<p><img loading=\"lazy\" class=\"alignleft wp-image-2797 size-medium\" src=\"http:\/\/fence2go.eu\/wp-content\/uploads\/2018\/12\/Autoportant-Home-Inclusive-10.200-lames-250-01-300x117.jpg\" alt=\"\" width=\"300\" height=\"117\" srcset=\"https:\/\/fence2go.eu\/wp-content\/uploads\/2018\/12\/Autoportant-Home-Inclusive-10.200-lames-250-01-300x117.jpg 300w, https:\/\/fence2go.eu\/wp-content\/uploads\/2018\/12\/Autoportant-Home-Inclusive-10.200-lames-250-01.jpg 562w\" sizes=\"(max-width: 300px) 100vw, 300px\" \/><img loading=\"lazy\" class=\"alignright wp-image-2798 size-medium\" src=\"http:\/\/fence2go.eu\/wp-content\/uploads\/2018\/12\/Autoportant-Home-Inclusive-10.200-500-01-300x113.jpg\" alt=\"\" width=\"300\" height=\"113\" srcset=\"https:\/\/fence2go.eu\/wp-content\/uploads\/2018\/12\/Autoportant-Home-Inclusive-10.200-500-01-300x113.jpg 300w, https:\/\/fence2go.eu\/wp-content\/uploads\/2018\/12\/Autoportant-Home-Inclusive-10.200-500-01.jpg 566w\" sizes=\"(max-width: 300px) 100vw, 300px\" \/><\/p>\n<p>&nbsp;<\/p>\n<p>&nbsp;<\/p>\n<p>&nbsp;<\/p>\n<p>Hauteurs standard pos\u00e9es avec lamelles horizontales de 250 mm (incluant 100 mm de jeu sous le panneau) : 1100, 1350, 1600, 1850, 2100 et 2350 mm.<br \/>\nHauteurs standard pos\u00e9es avec lamelles horizontales de 500 mm (incluant 100 mm de jeu sous le panneau) : 1100, 1600 et 2100 mm<\/p>\n<p>Ce type de panneau peut recevoir diff\u00e9rents types d&rsquo;appliques d\u00e9coratives en option.<\/p>\n<p><img loading=\"lazy\" class=\"aligncenter wp-image-2397 size-large\" src=\"http:\/\/fence2go.eu\/wp-content\/uploads\/2018\/12\/Appliques-d\u00e9coratives-Home-Inclusive-01-1024x158.jpg\" alt=\"\" width=\"1024\" height=\"158\" srcset=\"https:\/\/fence2go.eu\/wp-content\/uploads\/2018\/12\/Appliques-d\u00e9coratives-Home-Inclusive-01-1024x158.jpg 1024w, https:\/\/fence2go.eu\/wp-content\/uploads\/2018\/12\/Appliques-d\u00e9coratives-Home-Inclusive-01-300x46.jpg 300w, https:\/\/fence2go.eu\/wp-content\/uploads\/2018\/12\/Appliques-d\u00e9coratives-Home-Inclusive-01-768x118.jpg 768w, https:\/\/fence2go.eu\/wp-content\/uploads\/2018\/12\/Appliques-d\u00e9coratives-Home-Inclusive-01.jpg 1096w\" sizes=\"(max-width: 1024px) 100vw, 1024px\" \/><\/p>\n<p><img loading=\"lazy\" class=\"aligncenter wp-image-2403 size-full\" src=\"http:\/\/fence2go.eu\/wp-content\/uploads\/2018\/12\/Home-Inclusive-panneau-et-portes.jpg\" alt=\"\" width=\"791\" height=\"161\" srcset=\"https:\/\/fence2go.eu\/wp-content\/uploads\/2018\/12\/Home-Inclusive-panneau-et-portes.jpg 791w, https:\/\/fence2go.eu\/wp-content\/uploads\/2018\/12\/Home-Inclusive-panneau-et-portes-300x61.jpg 300w, https:\/\/fence2go.eu\/wp-content\/uploads\/2018\/12\/Home-Inclusive-panneau-et-portes-768x156.jpg 768w\" sizes=\"(max-width: 791px) 100vw, 791px\" \/><\/p>\n<p>Ce portail est livr\u00e9 de base avec une serrure, mais peut l\u2019\u00eatre aussi avec motorisation int\u00e9gr\u00e9e dans le portique de guidage ou apparente.<\/p>\n<p>Couleurs standard : bleu gentiane RAL 5010 mat, vert mousse RAL 6005 mat, gris anthracite RAL 7016 mat, gris pierre RAL 7030 mat, brun s\u00e9pia RAL 8014, brun gris RAL 8019, noir mat et mat structur\u00e9 RAL 9005.<br \/>\nCouleurs non-standard moyennant suppl\u00e9ment : rouge vin RAL 3005 mat, gris fen\u00eatre RAL 7040 mat, brun chocolat RAL 8017 mat et blanc RAL 9016 mat.<br \/>\nCouleurs non-standard issues de la gamme Home Inclusive 2.0 : HIEarth (Smoke Green, Willow Green, Fern Green, Deep Green), HISteel (True Blue, Marina Horizon, Anthracite, Modern Graphite), HIStone (Comfort Grey, Warm Stone, Quartz Grey, Brown Stone), HIRuby (Moody Coral, Flame Red, Modern Maroon, Deep Brown).<\/p>\n<figure id=\"attachment_1785\" aria-describedby=\"caption-attachment-1785\" style=\"width: 300px\" class=\"wp-caption aligncenter\"><a href=\"http:\/\/fence2go.eu\/index.php\/motoreducteur-tousek-pull-t24-pour-portail-coulissant\/\"><img loading=\"lazy\" class=\"wp-image-1785\" src=\"http:\/\/fence2go.eu\/wp-content\/uploads\/2018\/12\/Tousek-Pull-T-01-257x300.jpg\" alt=\"\" width=\"300\" height=\"350\" srcset=\"https:\/\/fence2go.eu\/wp-content\/uploads\/2018\/12\/Tousek-Pull-T-01-257x300.jpg 257w, https:\/\/fence2go.eu\/wp-content\/uploads\/2018\/12\/Tousek-Pull-T-01.jpg 352w\" sizes=\"(max-width: 300px) 100vw, 300px\" \/><\/a><figcaption id=\"caption-attachment-1785\" class=\"wp-caption-text\">Motorisation externe assortie<\/figcaption><\/figure>\n<figure id=\"attachment_1795\" aria-describedby=\"caption-attachment-1795\" style=\"width: 300px\" class=\"wp-caption aligncenter\"><a href=\"http:\/\/fence2go.eu\/index.php\/motoreducteur-bft-ares-ultra-bt-230v\/\"><img loading=\"lazy\" class=\"wp-image-1795 size-medium\" src=\"http:\/\/fence2go.eu\/wp-content\/uploads\/2018\/12\/BFT-Ares-Ultra-BT-230V-01-300x300.jpg\" alt=\"\" width=\"300\" height=\"300\" srcset=\"https:\/\/fence2go.eu\/wp-content\/uploads\/2018\/12\/BFT-Ares-Ultra-BT-230V-01-300x300.jpg 300w, https:\/\/fence2go.eu\/wp-content\/uploads\/2018\/12\/BFT-Ares-Ultra-BT-230V-01-150x150.jpg 150w, https:\/\/fence2go.eu\/wp-content\/uploads\/2018\/12\/BFT-Ares-Ultra-BT-230V-01-768x768.jpg 768w, https:\/\/fence2go.eu\/wp-content\/uploads\/2018\/12\/BFT-Ares-Ultra-BT-230V-01-1024x1024.jpg 1024w, https:\/\/fence2go.eu\/wp-content\/uploads\/2018\/12\/BFT-Ares-Ultra-BT-230V-01.jpg 1200w\" sizes=\"(max-width: 300px) 100vw, 300px\" \/><\/a><figcaption id=\"caption-attachment-1795\" class=\"wp-caption-text\">Motorisation externe assortie BFT<\/figcaption><\/figure>\n<figure id=\"attachment_2799\" aria-describedby=\"caption-attachment-2799\" style=\"width: 300px\" class=\"wp-caption aligncenter\"><a href=\"http:\/\/fence2go.eu\/index.php\/cloture-en-panneau-opaque-home-inclusive\/\"><img loading=\"lazy\" class=\"wp-image-2799 size-medium\" src=\"http:\/\/fence2go.eu\/wp-content\/uploads\/2018\/12\/Panneaux-Home-Inclusive-10.200-asoci\u00e9s-01-300x212.jpg\" alt=\"\" width=\"300\" height=\"212\" srcset=\"https:\/\/fence2go.eu\/wp-content\/uploads\/2018\/12\/Panneaux-Home-Inclusive-10.200-asoci\u00e9s-01-300x212.jpg 300w, https:\/\/fence2go.eu\/wp-content\/uploads\/2018\/12\/Panneaux-Home-Inclusive-10.200-asoci\u00e9s-01-768x544.jpg 768w, https:\/\/fence2go.eu\/wp-content\/uploads\/2018\/12\/Panneaux-Home-Inclusive-10.200-asoci\u00e9s-01-1024x725.jpg 1024w, https:\/\/fence2go.eu\/wp-content\/uploads\/2018\/12\/Panneaux-Home-Inclusive-10.200-asoci\u00e9s-01.jpg 1551w\" sizes=\"(max-width: 300px) 100vw, 300px\" \/><\/a><figcaption id=\"caption-attachment-2799\" class=\"wp-caption-text\">Cl\u00f4ture assortie<\/figcaption><\/figure>\n<figure id=\"attachment_2793\" aria-describedby=\"caption-attachment-2793\" style=\"width: 300px\" class=\"wp-caption aligncenter\"><a href=\"http:\/\/fence2go.eu\/index.php\/portes-pivotantes-en-panneau-opaque-home-inclusive-aw-10-200\/\"><img loading=\"lazy\" class=\"wp-image-2793\" src=\"http:\/\/fence2go.eu\/wp-content\/uploads\/2018\/12\/Portes-pivotantes-Home-Inclusive-10.200-deux-habillements-01.jpg\" alt=\"\" width=\"300\" height=\"284\" \/><\/a><figcaption id=\"caption-attachment-2793\" class=\"wp-caption-text\">Portails pivotants assortis<\/figcaption><\/figure>\n<p>&nbsp;<\/p>\n<p>&nbsp;<\/p>\n<p>&nbsp;<\/p>\n<p>&nbsp;<\/p>\n<p>&nbsp;<\/p>\n<p>&nbsp;<\/p>\n<p>&nbsp;<\/p>\n","protected":false},"excerpt":{"rendered":"<p>Cadre 40\u00d740 mm Soubassement 95x85x3 mm Habillage en t\u00f4le d&rsquo;une \u00e9paisseur de 0,7 mm sur les 2 faces, rivet\u00e9 sur le cadre Lamelles de 250 ou 500 mm El\u00e9ment droit Espace de 150 mm entre le soubassement et le sol Poteau de guidage double 100\u00d7100 mm Portique de r\u00e9ception simple 120\u00d7120 mm Serrure \u00e0 crochet [&hellip;]<\/p>\n","protected":false},"author":2,"featured_media":0,"parent":0,"menu_order":0,"comment_status":"closed","ping_status":"closed","template":"","meta":{"ngg_post_thumbnail":0},"_links":{"self":[{"href":"https:\/\/fence2go.eu\/index.php\/wp-json\/wp\/v2\/pages\/2796"}],"collection":[{"href":"https:\/\/fence2go.eu\/index.php\/wp-json\/wp\/v2\/pages"}],"about":[{"href":"https:\/\/fence2go.eu\/index.php\/wp-json\/wp\/v2\/types\/page"}],"author":[{"embeddable":true,"href":"https:\/\/fence2go.eu\/index.php\/wp-json\/wp\/v2\/users\/2"}],"replies":[{"embeddable":true,"href":"https:\/\/fence2go.eu\/index.php\/wp-json\/wp\/v2\/comments?post=2796"}],"version-history":[{"count":1,"href":"https:\/\/fence2go.eu\/index.php\/wp-json\/wp\/v2\/pages\/2796\/revisions"}],"predecessor-version":[{"id":2800,"href":"https:\/\/fence2go.eu\/index.php\/wp-json\/wp\/v2\/pages\/2796\/revisions\/2800"}],"wp:attachment":[{"href":"https:\/\/fence2go.eu\/index.php\/wp-json\/wp\/v2\/media?parent=2796"}],"curies":[{"name":"wp","href":"https:\/\/api.w.org\/{rel}","templated":true}]}}