{"id":3768,"date":"2019-07-01T09:25:01","date_gmt":"2019-07-01T08:25:01","guid":{"rendered":"http:\/\/fence2go.eu\/?page_id=3768"},"modified":"2019-07-01T09:25:01","modified_gmt":"2019-07-01T08:25:01","slug":"cloture-en-dalles-en-beton-wave","status":"publish","type":"page","link":"https:\/\/fence2go.eu\/index.php\/cloture-en-dalles-en-beton-wave\/","title":{"rendered":"Cl\u00f4ture en dalles en b\u00e9ton Wave."},"content":{"rendered":"<p>Les vagues qui la composent donnent \u00e0 cette dalle un aspect de modernit\u00e9 et la rendent vraiment diff\u00e9rente des autres possibilit\u00e9s de la gamme.<\/p>\n<p>Cette dalle est disponible dans les dimensions suivantes :<\/p>\n<ul>\n<li>Dalle droite de longueur 2000 mm et hauteur 400 mm, avec une ou deux faces d\u00e9coratives<\/li>\n<li>Latte de finition au sommet de la cl\u00f4ture (option pour les dalles droites)<\/li>\n<li>Couleur anthracite, gris, gris clair, jaune, cr\u00e8me, brun clair, brun fonc\u00e9, b\u00e9ton naturel ou blanc cass\u00e9<\/li>\n<\/ul>\n<p><img loading=\"lazy\" width=\"234\" height=\"153\" class=\"size-full wp-image-3769 alignleft\" alt=\"\" src=\"http:\/\/fence2go.eu\/wp-content\/uploads\/2019\/07\/Wave-02.jpg\"><img loading=\"lazy\" width=\"141\" height=\"150\" class=\"size-full wp-image-3746 alignright\" alt=\"\" src=\"http:\/\/fence2go.eu\/wp-content\/uploads\/2019\/07\/Wave-01.jpg\"><\/p>\n","protected":false},"excerpt":{"rendered":"<p>Les vagues qui la composent donnent \u00e0 cette dalle un aspect de modernit\u00e9 et la rendent vraiment diff\u00e9rente des autres possibilit\u00e9s de la gamme. Cette dalle est disponible dans les dimensions suivantes : Dalle droite de longueur 2000 mm et hauteur 400 mm, avec une ou deux faces d\u00e9coratives Latte de finition au sommet de [&hellip;]<\/p>\n","protected":false},"author":2,"featured_media":0,"parent":0,"menu_order":0,"comment_status":"closed","ping_status":"closed","template":"","meta":{"ngg_post_thumbnail":0},"_links":{"self":[{"href":"https:\/\/fence2go.eu\/index.php\/wp-json\/wp\/v2\/pages\/3768"}],"collection":[{"href":"https:\/\/fence2go.eu\/index.php\/wp-json\/wp\/v2\/pages"}],"about":[{"href":"https:\/\/fence2go.eu\/index.php\/wp-json\/wp\/v2\/types\/page"}],"author":[{"embeddable":true,"href":"https:\/\/fence2go.eu\/index.php\/wp-json\/wp\/v2\/users\/2"}],"replies":[{"embeddable":true,"href":"https:\/\/fence2go.eu\/index.php\/wp-json\/wp\/v2\/comments?post=3768"}],"version-history":[{"count":1,"href":"https:\/\/fence2go.eu\/index.php\/wp-json\/wp\/v2\/pages\/3768\/revisions"}],"predecessor-version":[{"id":3770,"href":"https:\/\/fence2go.eu\/index.php\/wp-json\/wp\/v2\/pages\/3768\/revisions\/3770"}],"wp:attachment":[{"href":"https:\/\/fence2go.eu\/index.php\/wp-json\/wp\/v2\/media?parent=3768"}],"curies":[{"name":"wp","href":"https:\/\/api.w.org\/{rel}","templated":true}]}}