{"id":3812,"date":"2019-07-01T10:40:48","date_gmt":"2019-07-01T09:40:48","guid":{"rendered":"http:\/\/fence2go.eu\/?page_id=3812"},"modified":"2019-07-01T10:40:48","modified_gmt":"2019-07-01T09:40:48","slug":"cloture-en-panneau-en-pin-pretraite-a-lames-verticales","status":"publish","type":"page","link":"https:\/\/fence2go.eu\/index.php\/cloture-en-panneau-en-pin-pretraite-a-lames-verticales\/","title":{"rendered":"Cl\u00f4ture en panneau en pin pr\u00e9trait\u00e9, \u00e0 lames verticales."},"content":{"rendered":"<p>Cette cl\u00f4ture se compose d&rsquo;un panneau en pin pr\u00e9trait\u00e9 \u00e0 lames verticales, assembl\u00e9 avec des lisses en inox.<br \/>\nChaque panneau \u00e0 une longueur de 1990 mm et vient s&rsquo;intercaler entre 2 poteaux en b\u00e9ton.<\/p>\n<p>Ce panneau en pin est disponible avec les caract\u00e9ristiques suivantes :<\/p>\n<ul>\n<li>Panneau droit en son sommet<\/li>\n<li>Hauteurs 400, 800, 1200, 1600, 1800, 2000 et 2100 mm<\/li>\n<\/ul>\n<p><img loading=\"lazy\" width=\"129\" height=\"97\" class=\"size-full wp-image-3813 alignnone\" alt=\"\" src=\"http:\/\/fence2go.eu\/wp-content\/uploads\/2019\/07\/Pin-lames-verticales-01.jpg\"><\/p>\n","protected":false},"excerpt":{"rendered":"<p>Cette cl\u00f4ture se compose d&rsquo;un panneau en pin pr\u00e9trait\u00e9 \u00e0 lames verticales, assembl\u00e9 avec des lisses en inox. Chaque panneau \u00e0 une longueur de 1990 mm et vient s&rsquo;intercaler entre 2 poteaux en b\u00e9ton. Ce panneau en pin est disponible avec les caract\u00e9ristiques suivantes : Panneau droit en son sommet Hauteurs 400, 800, 1200, 1600, [&hellip;]<\/p>\n","protected":false},"author":2,"featured_media":0,"parent":0,"menu_order":0,"comment_status":"closed","ping_status":"closed","template":"","meta":{"ngg_post_thumbnail":0},"_links":{"self":[{"href":"https:\/\/fence2go.eu\/index.php\/wp-json\/wp\/v2\/pages\/3812"}],"collection":[{"href":"https:\/\/fence2go.eu\/index.php\/wp-json\/wp\/v2\/pages"}],"about":[{"href":"https:\/\/fence2go.eu\/index.php\/wp-json\/wp\/v2\/types\/page"}],"author":[{"embeddable":true,"href":"https:\/\/fence2go.eu\/index.php\/wp-json\/wp\/v2\/users\/2"}],"replies":[{"embeddable":true,"href":"https:\/\/fence2go.eu\/index.php\/wp-json\/wp\/v2\/comments?post=3812"}],"version-history":[{"count":1,"href":"https:\/\/fence2go.eu\/index.php\/wp-json\/wp\/v2\/pages\/3812\/revisions"}],"predecessor-version":[{"id":3814,"href":"https:\/\/fence2go.eu\/index.php\/wp-json\/wp\/v2\/pages\/3812\/revisions\/3814"}],"wp:attachment":[{"href":"https:\/\/fence2go.eu\/index.php\/wp-json\/wp\/v2\/media?parent=3812"}],"curies":[{"name":"wp","href":"https:\/\/api.w.org\/{rel}","templated":true}]}}